{"id":445,"date":"2025-11-06T18:40:44","date_gmt":"2025-11-06T16:40:44","guid":{"rendered":"https:\/\/treeconsulting.co.mz\/?page_id=445"},"modified":"2025-11-06T20:34:21","modified_gmt":"2025-11-06T18:34:21","slug":"social-governance","status":"publish","type":"page","link":"https:\/\/treeconsulting.co.mz\/index.php\/social-governance\/","title":{"rendered":"Social &amp; governance"},"content":{"rendered":"\t\t<div data-elementor-type=\"wp-page\" data-elementor-id=\"445\" class=\"elementor elementor-445\">\n\t\t\t\t<div class=\"elementor-element elementor-element-74d5c0ad0 e-flex e-con-boxed wpr-particle-no wpr-jarallax-no wpr-parallax-no wpr-sticky-section-no e-con e-parent\" data-id=\"74d5c0ad0\" data-element_type=\"container\" data-settings=\"{&quot;background_background&quot;:&quot;classic&quot;}\">\n\t\t\t\t\t<div class=\"e-con-inner\">\n\t\t<div class=\"elementor-element elementor-element-21bb0943 e-flex e-con-boxed wpr-particle-no wpr-jarallax-no wpr-parallax-no wpr-sticky-section-no e-con e-child\" data-id=\"21bb0943\" data-element_type=\"container\">\n\t\t\t\t\t<div class=\"e-con-inner\">\n\t\t\t\t<div class=\"elementor-element elementor-element-31eb58ed wpr-dual-heading-icon-top elementor-widget elementor-widget-wpr-dual-color-heading\" data-id=\"31eb58ed\" data-element_type=\"widget\" data-widget_type=\"wpr-dual-color-heading.default\">\n\t\t\t\t\t\t\t\t<div class=\"wpr-dual-heading-wrap\">\n\t\t\t\t<div class=\"wpr-dual-title-wrap\">\n\t\t\t\t\t<h2 class=\"wpr-dual-title\">\n\t\t\t\t\t\t\t\t\t\t\t<span class=\"first\">Social &amp; Governance<\/span>\n\t\t\t\t\t\t\t\t\t\t\n\t\t\t\t\t\t\t\t\t\t<\/h2>\n\t\t\t\t<\/div>\n\t\t\t\t\n\t\t\t\t\n\t\t\t\t\n\t\t\t<\/div>\n\t\t\t\t\t\t<\/div>\n\t\t\t\t\t<\/div>\n\t\t\t\t<\/div>\n\t\t\t\t\t<\/div>\n\t\t\t\t<\/div>\n\t\t<div class=\"elementor-element elementor-element-b2ad799 e-flex e-con-boxed wpr-particle-no wpr-jarallax-no wpr-parallax-no wpr-sticky-section-no e-con e-parent\" data-id=\"b2ad799\" data-element_type=\"container\">\n\t\t\t\t\t<div class=\"e-con-inner\">\n\t\t<div class=\"elementor-element elementor-element-6084bd37 e-con-full elementor-hidden-tablet e-flex wpr-particle-no wpr-jarallax-no wpr-parallax-no wpr-sticky-section-no elementor-invisible e-con e-child\" data-id=\"6084bd37\" data-element_type=\"container\" data-settings=\"{&quot;animation&quot;:&quot;slideInLeft&quot;}\">\n\t\t\t\t<div class=\"elementor-element elementor-element-64697f9e elementor-widget elementor-widget-image\" data-id=\"64697f9e\" data-element_type=\"widget\" data-widget_type=\"image.default\">\n\t\t\t\t\t\t\t\t\t\t\t\t\t\t\t<img fetchpriority=\"high\" decoding=\"async\" width=\"800\" height=\"909\" src=\"https:\/\/treeconsulting.co.mz\/wp-content\/uploads\/2025\/11\/FOTO-TREE-2025-901x1024.png\" class=\"attachment-large size-large wp-image-464\" alt=\"\" srcset=\"https:\/\/treeconsulting.co.mz\/wp-content\/uploads\/2025\/11\/FOTO-TREE-2025-901x1024.png 901w, https:\/\/treeconsulting.co.mz\/wp-content\/uploads\/2025\/11\/FOTO-TREE-2025-264x300.png 264w, https:\/\/treeconsulting.co.mz\/wp-content\/uploads\/2025\/11\/FOTO-TREE-2025-768x873.png 768w, https:\/\/treeconsulting.co.mz\/wp-content\/uploads\/2025\/11\/FOTO-TREE-2025-1351x1536.png 1351w, https:\/\/treeconsulting.co.mz\/wp-content\/uploads\/2025\/11\/FOTO-TREE-2025-1802x2048.png 1802w\" sizes=\"(max-width: 800px) 100vw, 800px\" \/>\t\t\t\t\t\t\t\t\t\t\t\t\t\t\t<\/div>\n\t\t\t\t<\/div>\n\t\t<div class=\"elementor-element elementor-element-481c3d1 e-con-full e-flex wpr-particle-no wpr-jarallax-no wpr-parallax-no wpr-sticky-section-no elementor-invisible e-con e-child\" data-id=\"481c3d1\" data-element_type=\"container\" data-settings=\"{&quot;animation&quot;:&quot;slideInRight&quot;}\">\n\t\t\t\t<div class=\"elementor-element elementor-element-74711b9f wpr-dual-heading-icon-top elementor-widget elementor-widget-wpr-dual-color-heading\" data-id=\"74711b9f\" data-element_type=\"widget\" data-widget_type=\"wpr-dual-color-heading.default\">\n\t\t\t\t\t\t\t\t<div class=\"wpr-dual-heading-wrap\">\n\t\t\t\t<div class=\"wpr-dual-title-wrap\">\n\t\t\t\t\t<h1 class=\"wpr-dual-title\">\n\t\t\t\t\t\t\t\t\t\t\t<span class=\"first\">Doa\u00e7\u00e3o de kits Outubro Rosa<\/span>\n\t\t\t\t\t\t\t\t\t\t\n\t\t\t\t\t\t\t\t\t\t<\/h1>\n\t\t\t\t<\/div>\n\t\t\t\t\n\t\t\t\t\n\t\t\t\t\n\t\t\t<\/div>\n\t\t\t\t\t\t<\/div>\n\t\t\t\t<div class=\"elementor-element elementor-element-6e2b7fbf elementor-widget elementor-widget-text-editor\" data-id=\"6e2b7fbf\" data-element_type=\"widget\" data-widget_type=\"text-editor.default\">\n\t\t\t\t\t\t\t\t\t<p data-start=\"225\" data-end=\"463\">A presente ac\u00e7\u00e3o teve como principal objectivo promover a consci\u00eancia social e o compromisso com uma gest\u00e3o respons\u00e1vel, refor\u00e7ando o papel da Tree Consulting como agente ativo na constru\u00e7\u00e3o de um futuro mais sustent\u00e1vel e equilibrado.<\/p>\n<p data-start=\"465\" data-end=\"790\">Pretendemos inspirar e apoiar iniciativas que gerem impacto positivo, tanto no ambiente corporativo como nas comunidades onde actuamos. Ao integrar princ\u00edpios de responsabilidade social e de boa governan\u00e7a, a Tree Consulting reafirma o seu prop\u00f3sito de conduzir neg\u00f3cios com \u00e9tica, transpar\u00eancia e foco no bem comum.<\/p>\n<p data-start=\"792\" data-end=\"1056\">Mais do que cumprir uma obriga\u00e7\u00e3o institucional, esta ac\u00e7\u00e3o representa o nosso compromisso em alinhar crescimento econ\u00f3mico com desenvolvimento humano e social, cultivando rela\u00e7\u00f5es de confian\u00e7a e promovendo pr\u00e1ticas empresariais que deixam um legado de valor.<\/p>\t\t\t\t\t\t\t\t<\/div>\n\t\t\t\t<\/div>\n\t\t\t\t\t<\/div>\n\t\t\t\t<\/div>\n\t\t<div class=\"elementor-element elementor-element-3ad77fc e-flex e-con-boxed wpr-particle-no wpr-jarallax-no wpr-parallax-no wpr-sticky-section-no e-con e-parent\" data-id=\"3ad77fc\" data-element_type=\"container\">\n\t\t\t\t\t<div class=\"e-con-inner\">\n\t\t<div class=\"elementor-element elementor-element-3da8f3e e-con-full e-flex wpr-particle-no wpr-jarallax-no wpr-parallax-no wpr-sticky-section-no e-con e-child\" data-id=\"3da8f3e\" data-element_type=\"container\">\n\t\t<div class=\"elementor-element elementor-element-48d1640 e-con-full e-flex wpr-particle-no wpr-jarallax-no wpr-parallax-no wpr-sticky-section-no elementor-invisible e-con e-child\" data-id=\"48d1640\" data-element_type=\"container\" data-settings=\"{&quot;animation&quot;:&quot;slideInRight&quot;}\">\n\t\t\t\t<div class=\"elementor-element elementor-element-1f1fa26 wpr-dual-heading-icon-top elementor-widget elementor-widget-wpr-dual-color-heading\" data-id=\"1f1fa26\" data-element_type=\"widget\" data-widget_type=\"wpr-dual-color-heading.default\">\n\t\t\t\t\t\t\t\t<div class=\"wpr-dual-heading-wrap\">\n\t\t\t\t<div class=\"wpr-dual-title-wrap\">\n\t\t\t\t\t<h2 class=\"wpr-dual-title\">\n\t\t\t\t\t\t\t\t\t\t\t<span class=\"first\">Dia da \u00e1rvore<\/span>\n\t\t\t\t\t\t\t\t\t\t\n\t\t\t\t\t\t\t\t\t\t<\/h2>\n\t\t\t\t<\/div>\n\t\t\t\t\n\t\t\t\t\n\t\t\t\t\n\t\t\t<\/div>\n\t\t\t\t\t\t<\/div>\n\t\t\t\t<div class=\"elementor-element elementor-element-6017d46 elementor-widget elementor-widget-text-editor\" data-id=\"6017d46\" data-element_type=\"widget\" data-widget_type=\"text-editor.default\">\n\t\t\t\t\t\t\t\t\t<p>No \u00e2mbito do Dia da \u00c1rvore, a Tree Consulting uniu-se ao Maximo Group para levar \u00e0 Escola Prim\u00e1ria do Trevo uma iniciativa que combinou sustentabilidade e educa\u00e7\u00e3o.<br \/><br \/>Foram plantadas mudas como s\u00edmbolo de compromisso com o ambiente e realizada uma palestra sobre educa\u00e7\u00e3o financeira, refor\u00e7ando junto dos estudantes a import\u00e2ncia de gerir recursos de forma consciente.<br \/><br \/>Para incentivar a pr\u00e1tica di\u00e1ria dessa consci\u00eancia, foram ainda oferecidos mealheiros aos alunos um lembrete de que decis\u00f5es respons\u00e1veis hoje constroem um amanh\u00e3 melhor.<\/p>\t\t\t\t\t\t\t\t<\/div>\n\t\t\t\t<\/div>\n\t\t\t\t<\/div>\n\t\t<div class=\"elementor-element elementor-element-ea231fe e-con-full e-flex wpr-particle-no wpr-jarallax-no wpr-parallax-no wpr-sticky-section-no e-con e-child\" data-id=\"ea231fe\" data-element_type=\"container\">\n\t\t<div class=\"elementor-element elementor-element-06d6755 e-con-full elementor-hidden-tablet e-flex wpr-particle-no wpr-jarallax-no wpr-parallax-no wpr-sticky-section-no elementor-invisible e-con e-child\" data-id=\"06d6755\" data-element_type=\"container\" data-settings=\"{&quot;animation&quot;:&quot;slideInLeft&quot;}\">\n\t\t\t\t<div class=\"elementor-element elementor-element-f8e84c9 elementor-widget elementor-widget-image\" data-id=\"f8e84c9\" data-element_type=\"widget\" data-widget_type=\"image.default\">\n\t\t\t\t\t\t\t\t\t\t\t\t\t\t\t<img decoding=\"async\" width=\"800\" height=\"909\" src=\"https:\/\/treeconsulting.co.mz\/wp-content\/uploads\/2025\/11\/capa-tree-2-901x1024.png\" class=\"attachment-large size-large wp-image-469\" alt=\"\" srcset=\"https:\/\/treeconsulting.co.mz\/wp-content\/uploads\/2025\/11\/capa-tree-2-901x1024.png 901w, https:\/\/treeconsulting.co.mz\/wp-content\/uploads\/2025\/11\/capa-tree-2-264x300.png 264w, https:\/\/treeconsulting.co.mz\/wp-content\/uploads\/2025\/11\/capa-tree-2-768x873.png 768w, https:\/\/treeconsulting.co.mz\/wp-content\/uploads\/2025\/11\/capa-tree-2-1351x1536.png 1351w, https:\/\/treeconsulting.co.mz\/wp-content\/uploads\/2025\/11\/capa-tree-2-1802x2048.png 1802w\" sizes=\"(max-width: 800px) 100vw, 800px\" \/>\t\t\t\t\t\t\t\t\t\t\t\t\t\t\t<\/div>\n\t\t\t\t<\/div>\n\t\t\t\t<\/div>\n\t\t\t\t\t<\/div>\n\t\t\t\t<\/div>\n\t\t\t\t<\/div>\n\t\t","protected":false},"excerpt":{"rendered":"<p>Social &amp; Governance Doa\u00e7\u00e3o de kits Outubro Rosa A presente ac\u00e7\u00e3o teve como principal objectivo promover a consci\u00eancia social e o compromisso com uma gest\u00e3o respons\u00e1vel, refor\u00e7ando o papel da Tree Consulting como agente ativo na constru\u00e7\u00e3o de um futuro mais sustent\u00e1vel e equilibrado. Pretendemos inspirar e apoiar iniciativas que gerem impacto positivo, tanto no ambiente corporativo como nas comunidades onde actuamos. Ao integrar princ\u00edpios de responsabilidade social e de boa governan\u00e7a, a Tree Consulting reafirma o seu prop\u00f3sito de conduzir neg\u00f3cios com \u00e9tica, transpar\u00eancia e foco no bem comum. Mais do que cumprir uma obriga\u00e7\u00e3o institucional, esta ac\u00e7\u00e3o representa o nosso compromisso em alinhar crescimento econ\u00f3mico com desenvolvimento humano e social, cultivando rela\u00e7\u00f5es de confian\u00e7a e promovendo pr\u00e1ticas empresariais que deixam um legado de valor. Dia da \u00e1rvore No \u00e2mbito do Dia da \u00c1rvore, a Tree Consulting uniu-se ao Maximo Group para levar \u00e0 Escola Prim\u00e1ria do Trevo uma iniciativa que combinou sustentabilidade e educa\u00e7\u00e3o. Foram plantadas mudas como s\u00edmbolo de compromisso com o ambiente e realizada uma palestra sobre educa\u00e7\u00e3o financeira, refor\u00e7ando junto dos estudantes a import\u00e2ncia de gerir recursos de forma consciente. Para incentivar a pr\u00e1tica di\u00e1ria dessa consci\u00eancia, foram ainda oferecidos mealheiros aos alunos um lembrete de que decis\u00f5es respons\u00e1veis hoje constroem um amanh\u00e3 melhor.<\/p>\n","protected":false},"author":1,"featured_media":0,"parent":0,"menu_order":0,"comment_status":"closed","ping_status":"closed","template":"","meta":{"footnotes":""},"class_list":["post-445","page","type-page","status-publish","hentry"],"_links":{"self":[{"href":"https:\/\/treeconsulting.co.mz\/index.php\/wp-json\/wp\/v2\/pages\/445","targetHints":{"allow":["GET"]}}],"collection":[{"href":"https:\/\/treeconsulting.co.mz\/index.php\/wp-json\/wp\/v2\/pages"}],"about":[{"href":"https:\/\/treeconsulting.co.mz\/index.php\/wp-json\/wp\/v2\/types\/page"}],"author":[{"embeddable":true,"href":"https:\/\/treeconsulting.co.mz\/index.php\/wp-json\/wp\/v2\/users\/1"}],"replies":[{"embeddable":true,"href":"https:\/\/treeconsulting.co.mz\/index.php\/wp-json\/wp\/v2\/comments?post=445"}],"version-history":[{"count":4,"href":"https:\/\/treeconsulting.co.mz\/index.php\/wp-json\/wp\/v2\/pages\/445\/revisions"}],"predecessor-version":[{"id":472,"href":"https:\/\/treeconsulting.co.mz\/index.php\/wp-json\/wp\/v2\/pages\/445\/revisions\/472"}],"wp:attachment":[{"href":"https:\/\/treeconsulting.co.mz\/index.php\/wp-json\/wp\/v2\/media?parent=445"}],"curies":[{"name":"wp","href":"https:\/\/api.w.org\/{rel}","templated":true}]}}